0199.
280199
List the prime factors of 24973566.
2, 3, 4162261
List the prime factors of 3200344.
2, 7, 57149
What are the prime factors of 12398888?
2, 131, 11831
List the prime factors of 10913684.
2, 23, 313, 379
What are the prime factors of 179451?
3, 127, 157
List the prime factors of 574061.
574061
List the prime factors of 241758.
2, 3, 11, 37
List the prime factors of 520839.
3, 11, 5261
What are the prime factors of 414925?
5, 7, 2371
What are the prime factors of 4055626?
2, 19, 106727
List the prime factors of 59133.
3, 23, 857
List the prime factors of 227610.
2, 3, 5, 281
What are the prime factors of 8833393?
8833393
What are the prime factors of 983488?
2, 11, 127
What are the prime factors of 414292?
2, 103573
What are the prime factors of 1544139?
3, 171571
List the prime factors of 333916.
2, 11, 7589
List the prime factors of 6042814.
2, 3021407
List the prime factors of 86236.
2, 21559
What are the prime factors of 522136?
2, 65267
What are the prime factors of 2552205?
3, 5, 229, 743
What are the prime factors of 459629?
17, 19, 1423
List the prime factors of 15992614.
2, 11, 17, 61, 701
What are the prime factors of 44937?
3, 4993
What are the prime factors of 4223247?
3, 7, 201107
What are the prime factors of 2208370?
2, 5, 19, 59, 197
List the prime factors of 20333.
20333
List the prime factors of 287450.
2, 5, 5749
What are the prime factors of 33285035?
5, 7, 951001
What are the prime factors of 669393?
3, 74377
What are the prime factors of 245639?
245639
List the prime factors of 1727247.
3, 241, 2389
What are the prime factors of 152325?
3, 5, 677
List the prime factors of 1755236.
2, 7, 62687
List the prime factors of 20042651.
3461, 5791
What are the prime factors of 1840779?
3, 79, 863
List the prime factors of 119332.
2, 29833
What are the prime factors of 8173702?
2, 17, 311, 773
List the prime factors of 38204594.
2, 19102297
List the prime factors of 18181681.
7, 137, 18959
What are the prime factors of 5277359?
71, 239, 311
What are the prime factors of 229521?
3, 76507
What are the prime factors of 6075679?
6075679
List the prime factors of 18741186.
2, 3, 347059
List the prime factors of 2556115.
5, 511223
What are the prime factors of 782437?
23, 34019
List the prime factors of 225859.
225859
What are the prime factors of 1101752?
2, 41, 3359
What are the prime factors of 9074311?
17, 1847
List the prime factors of 1089933.
3, 13, 27947
What are the prime factors of 1485814?
2, 11, 67537
List the prime factors of 2301773.
461, 4993
What are the prime factors of 2644570?
2, 5, 373, 709
What are the prime factors of 123388?
2, 109, 283
List the prime factors of 1728839.
7, 31, 257
List the prime factors of 31092846.
2, 3, 5182141
List the prime factors of 295914.
2, 3, 149, 331
What are the prime factors of 13193908?
2, 7, 13, 67, 541
List the prime factors of 494803.
494803
What are the prime factors of 353005?
5, 17, 4153
List the prime factors of 1699091.
1699091
What are the prime factors of 1119035?
5, 79, 2833
What are the prime factors of 153021?
3, 11, 4637
List the prime factors of 1739797.
17, 29, 3529
List the prime factors of 550165.
5, 7, 11, 1429
List the prime factors of 8170847.
8170847
What are the prime factors of 37732212?
2, 3, 7, 149731
List the prime factors of 36789.
3, 12263
List the prime factors of 294120.
2, 3, 5, 19, 43
What are the prime factors of 2496270?
2, 3, 5, 7, 11887
List the prime factors of 10017030.
2, 3, 5, 31, 10771
What are the prime factors of 4392023?
103, 42641
What are the prime factors of 20361002?
2, 17, 598853
List the prime factors of 13497236.
2, 101, 33409
What are the prime factors of 621041?
61, 10181
What are the prime factors of 174967?
13, 43, 313
List the prime factors of 26866761.
3, 8955587
List the prime factors of 281035.
5, 56207
What are the prime factors of 1029362?
2, 514681
What are the prime factors of 12282027?
3, 4094009
List the prime factors of 9337273.
11, 848843
What are the prime factors of 6902674?
2, 331, 10427
List the prime factors of 27134708.
2, 6783677
What are the prime factors of 2951082?
2, 3, 67, 2447
What are the prime factors of 9160918?
2, 13, 463, 761
List the prime factors of 11055492.
2, 3, 7, 19, 2309
List the prime factors of 3450332.
2, 862583
List the prime factors of 948458.
2, 7, 37, 1831
List the prime factors of 2873431.
11, 97, 2693
List the prime factors of 3331452.
2, 3, 227, 1223
List the prime factors of 400532.
2, 11, 9103
What are the prime factors of 157737?
3, 52579
What are the prime factors of 6675616?
2, 227, 919
What are the prime factors of 23982650?
2, 5, 67, 7159
What are the prime factors of 2425184?
2, 75787
List the prime factors of 4060194.
2, 3, 31, 83, 263
List the prime factors of 542681.
661, 821
What are the prime factors of 4270679?
7, 433, 1409
What are the prime factors of 11763?
3, 1307
What are the prime factors of 82507?
82507
List the prime factors of 2915274.
2, 3, 131, 3709
What are the prime factors of 730004?
2, 11, 47, 353
What are the prime factors of 135790?
2, 5, 37, 367
What are the prime factors of 1949244?
2, 3, 11, 14767
List the prime factors of 2578244.
2, 41, 79, 199
List the prime factors of 405528.
2, 3, 61, 277
List the prime factors of 119161.
7, 29, 587
List the prime factors of 256085.
5, 51217
What are the prime factors of 1337584?
2, 41, 2039
What are the prime factors of 5457244?
2, 13, 104947
List the prime factors of 286709.
409, 701
What are the prime factors of 1607651?
41, 113, 347
List the prime factors of 742672.
2, 7, 19, 349
What are the prime factors of 5556278?
2, 7, 13, 30529
What are the prime factors of 6417478?
2, 19, 281, 601
List the prime factors of 1500255.
3, 5, 11113
List the prime factors of 380334.
2, 3, 63389
What are the prime factors of 849522?
2, 3, 141587
What are the prime factors of 236611?
29, 41, 199
List the prime factors of 262382.
2, 127, 1033
List the prime factors of 1100963.
127, 8669
What are the prime factors of 1031458?
2, 17, 23, 1319
List the prime factors of 748713.
3, 7, 101, 353
What are the prime factors of 26496819?
3, 149, 19759
List the prime factors of 579434.
2, 289717
List the prime factors of 165735.
3, 5, 29, 127
List the prime factors of 710601.
3, 236867
List the prime factors of 115261.
79, 1459
What are the prime factors of 2650631?
157, 16883
What are the prime factors of 16732324?
2, 7, 85369
List the prime factors of 318690.
2, 3, 5, 3541
What are the prime factors of 588674?
2, 294337
What are the prime factors of 4283415?
3, 5, 31729
List the prime factors of 225482.
2, 112741
What are the prime factors of 11258301?
3, 17, 31, 7121
List the prime factors of 586993.
11, 17, 43, 73
List the prime factors of 622605.
3, 5, 41507
List the prime factors of 289302.
2, 3, 13, 3709
What are the prime factors of 12506404?
2, 97, 32233
What are the prime factors of 2162703?
3, 720901
List the prime factors of 840877.
47, 17891
What are the prime factors of 4944779?
7, 31, 22787
List the prime factors of 984154.
2, 492077
List the prime factors of 11685370.
2, 5, 1168537
What are the prime factors of 3946977?
3, 113, 3881
List the prime factors of 5970553.
17, 157, 2237
List the prime factors of 10422394.
2, 17, 306541
What are the prime factors of 471063?
3, 23, 6827
List the prime factors of 740617.
359, 2063
What are the prime factors of 211979?
211979
List the prime factors of 1898138.
2, 11, 19, 239
What are the prime factors of 493230?
2, 3, 5, 41, 401
List the prime factors of 593165.
5, 118633
List the prime factors of 46841.
31, 1511
List the prime factors of 10430.
2, 5, 7, 149
List the prime factors of 251833.
251833
What are the prime factors of 339769?
339769
List the prime factors of 830423.
11, 6863
List the prime factors of 21743.
17, 1279
List the prime factors of 538482.
2, 3, 7, 12821
List the prime factors of 4282480.
2, 5, 199, 269
What are the prime factors of 2816941?
2816941
List the prime factors of 3798253.
89, 42677
List the prime factors of 27652409.
41, 674449
List the prime factors of 1589999.
541, 2939
What are the prime factors of 41741801?
89, 469009
List the prime factors of 1604771.
7, 229253
What are the prime factors of 2222013?
3, 740671
What are the prime